{"id":688,"date":"2015-04-17T10:04:54","date_gmt":"2015-04-17T10:04:54","guid":{"rendered":"http:\/\/www.inox-dimnjaci.com\/?page_id=688"},"modified":"2015-04-17T10:11:14","modified_gmt":"2015-04-17T10:11:14","slug":"sanacija-krovista-2","status":"publish","type":"page","link":"https:\/\/inox-dimnjaci.com\/?page_id=688","title":{"rendered":"Sanacija krovi\u0161ta"},"content":{"rendered":"<p style=\"text-align: center;\">Profilirani trapezni limovi su izvrstan izbor za pokrivanje svih objekata bez obzira da li se radi o malim monta\u017enim gara\u017eama, skladi\u0161tima, vikendicama, obiteljskim ku\u0107ama ili velikim stambenim ili poslovnim objektima. Osnovna karakteristika profiliranih trapeznih pokrovnih plo\u010da je velika izdr\u017eljivost na optere\u0107enja te iznimno jednostavna ugradnja i dugi vijek trajanja.<\/p>\n<p style=\"text-align: center;\">Tako\u0111er smo u mogu\u0107nosti ponuditi razli\u010dite limene profile prema Va\u0161em nacrtu ili uzorku u du\u017einama do 8 metara.<\/p>\n","protected":false},"excerpt":{"rendered":"<p>Profilirani trapezni limovi su izvrstan izbor za pokrivanje svih objekata bez obzira da li se radi o malim monta\u017enim gara\u017eama, skladi\u0161tima, vikendicama, obiteljskim ku\u0107ama ili velikim stambenim ili poslovnim objektima. Osnovna karakteristika profiliranih trapeznih pokrovnih plo\u010da je velika izdr\u017eljivost na optere\u0107enja te iznimno jednostavna ugradnja i dugi vijek trajanja. Tako\u0111er smo u mogu\u0107nosti ponuditi razli\u010dite [&hellip;]<\/p>\n","protected":false},"author":1,"featured_media":689,"parent":0,"menu_order":0,"comment_status":"open","ping_status":"open","template":"page-full.php","meta":{"footnotes":""},"class_list":["post-688","page","type-page","status-publish","has-post-thumbnail","hentry"],"_links":{"self":[{"href":"https:\/\/inox-dimnjaci.com\/index.php?rest_route=\/wp\/v2\/pages\/688"}],"collection":[{"href":"https:\/\/inox-dimnjaci.com\/index.php?rest_route=\/wp\/v2\/pages"}],"about":[{"href":"https:\/\/inox-dimnjaci.com\/index.php?rest_route=\/wp\/v2\/types\/page"}],"author":[{"embeddable":true,"href":"https:\/\/inox-dimnjaci.com\/index.php?rest_route=\/wp\/v2\/users\/1"}],"replies":[{"embeddable":true,"href":"https:\/\/inox-dimnjaci.com\/index.php?rest_route=%2Fwp%2Fv2%2Fcomments&post=688"}],"version-history":[{"count":1,"href":"https:\/\/inox-dimnjaci.com\/index.php?rest_route=\/wp\/v2\/pages\/688\/revisions"}],"predecessor-version":[{"id":690,"href":"https:\/\/inox-dimnjaci.com\/index.php?rest_route=\/wp\/v2\/pages\/688\/revisions\/690"}],"wp:featuredmedia":[{"embeddable":true,"href":"https:\/\/inox-dimnjaci.com\/index.php?rest_route=\/wp\/v2\/media\/689"}],"wp:attachment":[{"href":"https:\/\/inox-dimnjaci.com\/index.php?rest_route=%2Fwp%2Fv2%2Fmedia&parent=688"}],"curies":[{"name":"wp","href":"https:\/\/api.w.org\/{rel}","templated":true}]}}